{"id":13354,"date":"2024-03-06T17:23:40","date_gmt":"2024-03-06T21:23:40","guid":{"rendered":"https:\/\/www.nfunb.org\/?post_type=tribe_events&#038;p=13354"},"modified":"2024-03-06T17:23:40","modified_gmt":"2024-03-06T21:23:40","slug":"lassemblee-generale-annuelle-de-lunf-nb","status":"publish","type":"tribe_events","link":"https:\/\/www.nfunb.org\/fr\/event\/lassemblee-generale-annuelle-de-lunf-nb\/","title":{"rendered":"l\u2019Assembl\u00e9e G\u00e9n\u00e9rale Annuelle de l\u2019UNF-NB"},"content":{"rendered":"<p>Nous vous invitons \u00e0 participer \u00e0 l&rsquo;Assembl\u00e9e g\u00e9n\u00e9rale annuelle hybride 2024 de l&rsquo;UNF-NB le <strong><u>Dimanche, 17 mars<\/u>, <\/strong>\u00e0 la salle Bernard Leblanc, \u00e0 la Centre Culturel Aberdeen, au 140 Botsford St, Moncton, N.-B et en ligne sur Zoom. L&rsquo;inscription va commencer \u00e0 9h30, et la rencontre se terminera \u00e0 16h. <u>Il n&rsquo;y a pas de frais d&rsquo;inscription<\/u> et inclut le d\u00eener compos\u00e9 d\u2019aliments locaux ainsi que les pause-caf\u00e9\/collations. La traduction simultan\u00e9e sera disponible. Enregistrer maintenant !<\/p>\n","protected":false},"excerpt":{"rendered":"<p>Nous vous invitons \u00e0 participer \u00e0 l&rsquo;Assembl\u00e9e g\u00e9n\u00e9rale annuelle hybride 2024 de l&rsquo;UNF-NB le Dimanche, 17 mars, \u00e0 la salle Bernard Leblanc, \u00e0 la Centre Culturel Aberdeen, au 140 Botsford [&hellip;]<\/p>\n","protected":false},"author":2,"featured_media":12848,"template":"","meta":{"_tribe_events_status":"","_tribe_events_status_reason":"","footnotes":""},"tags":[],"tribe_events_cat":[149],"class_list":["post-13354","tribe_events","type-tribe_events","status-publish","has-post-thumbnail","hentry","tribe_events_cat-annual-general-meeting-fr","cat_annual-general-meeting-fr"],"yoast_head":"<!-- This site is optimized with the Yoast SEO plugin v26.7 - https:\/\/yoast.com\/wordpress\/plugins\/seo\/ -->\n<title>l\u2019Assembl\u00e9e G\u00e9n\u00e9rale Annuelle de l\u2019UNF-NB - National Farmers Union in New Brunswick<\/title>\n<meta name=\"robots\" content=\"index, follow, max-snippet:-1, max-image-preview:large, max-video-preview:-1\" \/>\n<link rel=\"canonical\" href=\"https:\/\/www.nfunb.org\/fr\/event\/lassemblee-generale-annuelle-de-lunf-nb\/\" \/>\n<meta property=\"og:locale\" content=\"fr_FR\" \/>\n<meta property=\"og:type\" content=\"article\" \/>\n<meta property=\"og:title\" content=\"l\u2019Assembl\u00e9e G\u00e9n\u00e9rale Annuelle de l\u2019UNF-NB - National Farmers Union in New Brunswick\" \/>\n<meta property=\"og:description\" content=\"Nous vous invitons \u00e0 participer \u00e0 l&rsquo;Assembl\u00e9e g\u00e9n\u00e9rale annuelle hybride 2024 de l&rsquo;UNF-NB le Dimanche, 17 mars, \u00e0 la salle Bernard Leblanc, \u00e0 la Centre Culturel Aberdeen, au 140 Botsford [&hellip;]\" \/>\n<meta property=\"og:url\" content=\"https:\/\/www.nfunb.org\/fr\/event\/lassemblee-generale-annuelle-de-lunf-nb\/\" \/>\n<meta property=\"og:site_name\" content=\"National Farmers Union in New Brunswick\" \/>\n<meta property=\"article:publisher\" content=\"https:\/\/www.facebook.com\/NFUinNB\" \/>\n<meta property=\"og:image\" content=\"https:\/\/www.nfunb.org\/wp-content\/uploads\/2022\/02\/2017-AGM-Gailen-Allan-and-Pierre-Olivier-Brassard-scaled.jpg\" \/>\n\t<meta property=\"og:image:width\" content=\"2560\" \/>\n\t<meta property=\"og:image:height\" content=\"1707\" \/>\n\t<meta property=\"og:image:type\" content=\"image\/jpeg\" \/>\n<meta name=\"twitter:card\" content=\"summary_large_image\" \/>\n<meta name=\"twitter:label1\" content=\"Dur\u00e9e de lecture estim\u00e9e\" \/>\n\t<meta name=\"twitter:data1\" content=\"1 minute\" \/>\n<script type=\"application\/ld+json\" class=\"yoast-schema-graph\">{\"@context\":\"https:\/\/schema.org\",\"@graph\":[{\"@type\":\"WebPage\",\"@id\":\"https:\/\/www.nfunb.org\/fr\/event\/lassemblee-generale-annuelle-de-lunf-nb\/\",\"url\":\"https:\/\/www.nfunb.org\/fr\/event\/lassemblee-generale-annuelle-de-lunf-nb\/\",\"name\":\"l\u2019Assembl\u00e9e G\u00e9n\u00e9rale Annuelle de l\u2019UNF-NB - National Farmers Union in New Brunswick\",\"isPartOf\":{\"@id\":\"https:\/\/www.nfunb.org\/fr\/#website\"},\"primaryImageOfPage\":{\"@id\":\"https:\/\/www.nfunb.org\/fr\/event\/lassemblee-generale-annuelle-de-lunf-nb\/#primaryimage\"},\"image\":{\"@id\":\"https:\/\/www.nfunb.org\/fr\/event\/lassemblee-generale-annuelle-de-lunf-nb\/#primaryimage\"},\"thumbnailUrl\":\"https:\/\/www.nfunb.org\/wp-content\/uploads\/2022\/02\/2017-AGM-Gailen-Allan-and-Pierre-Olivier-Brassard-scaled.jpg\",\"datePublished\":\"2024-03-06T21:23:40+00:00\",\"breadcrumb\":{\"@id\":\"https:\/\/www.nfunb.org\/fr\/event\/lassemblee-generale-annuelle-de-lunf-nb\/#breadcrumb\"},\"inLanguage\":\"fr-FR\",\"potentialAction\":[{\"@type\":\"ReadAction\",\"target\":[\"https:\/\/www.nfunb.org\/fr\/event\/lassemblee-generale-annuelle-de-lunf-nb\/\"]}]},{\"@type\":\"ImageObject\",\"inLanguage\":\"fr-FR\",\"@id\":\"https:\/\/www.nfunb.org\/fr\/event\/lassemblee-generale-annuelle-de-lunf-nb\/#primaryimage\",\"url\":\"https:\/\/www.nfunb.org\/wp-content\/uploads\/2022\/02\/2017-AGM-Gailen-Allan-and-Pierre-Olivier-Brassard-scaled.jpg\",\"contentUrl\":\"https:\/\/www.nfunb.org\/wp-content\/uploads\/2022\/02\/2017-AGM-Gailen-Allan-and-Pierre-Olivier-Brassard-scaled.jpg\",\"width\":2560,\"height\":1707},{\"@type\":\"BreadcrumbList\",\"@id\":\"https:\/\/www.nfunb.org\/fr\/event\/lassemblee-generale-annuelle-de-lunf-nb\/#breadcrumb\",\"itemListElement\":[{\"@type\":\"ListItem\",\"position\":1,\"name\":\"Home\",\"item\":\"https:\/\/www.nfunb.org\/fr\/home\/\"},{\"@type\":\"ListItem\",\"position\":2,\"name\":\"\u00c9v\u00e8nements\",\"item\":\"https:\/\/www.nfunb.org\/fr\/events\/\"},{\"@type\":\"ListItem\",\"position\":3,\"name\":\"l\u2019Assembl\u00e9e G\u00e9n\u00e9rale Annuelle de l\u2019UNF-NB\"}]},{\"@type\":\"WebSite\",\"@id\":\"https:\/\/www.nfunb.org\/fr\/#website\",\"url\":\"https:\/\/www.nfunb.org\/fr\/\",\"name\":\"National Farmers Union in New Brunswick\",\"description\":\"Strong Communities. Sound Policies. Sustainable Farms\",\"publisher\":{\"@id\":\"https:\/\/www.nfunb.org\/fr\/#organization\"},\"potentialAction\":[{\"@type\":\"SearchAction\",\"target\":{\"@type\":\"EntryPoint\",\"urlTemplate\":\"https:\/\/www.nfunb.org\/fr\/?s={search_term_string}\"},\"query-input\":{\"@type\":\"PropertyValueSpecification\",\"valueRequired\":true,\"valueName\":\"search_term_string\"}}],\"inLanguage\":\"fr-FR\"},{\"@type\":\"Organization\",\"@id\":\"https:\/\/www.nfunb.org\/fr\/#organization\",\"name\":\"National Farmers Union in New Brunswick\",\"url\":\"https:\/\/www.nfunb.org\/fr\/\",\"logo\":{\"@type\":\"ImageObject\",\"inLanguage\":\"fr-FR\",\"@id\":\"https:\/\/www.nfunb.org\/fr\/#\/schema\/logo\/image\/\",\"url\":\"https:\/\/www.nfunb.org\/wp-content\/uploads\/2022\/01\/NFU_logo_CircleNB.png\",\"contentUrl\":\"https:\/\/www.nfunb.org\/wp-content\/uploads\/2022\/01\/NFU_logo_CircleNB.png\",\"width\":480,\"height\":480,\"caption\":\"National Farmers Union in New Brunswick\"},\"image\":{\"@id\":\"https:\/\/www.nfunb.org\/fr\/#\/schema\/logo\/image\/\"},\"sameAs\":[\"https:\/\/www.facebook.com\/NFUinNB\",\"https:\/\/www.instagram.com\/nfu.unf.nb\/\"]}]}<\/script>\n<!-- \/ Yoast SEO plugin. -->","yoast_head_json":{"title":"l\u2019Assembl\u00e9e G\u00e9n\u00e9rale Annuelle de l\u2019UNF-NB - National Farmers Union in New Brunswick","robots":{"index":"index","follow":"follow","max-snippet":"max-snippet:-1","max-image-preview":"max-image-preview:large","max-video-preview":"max-video-preview:-1"},"canonical":"https:\/\/www.nfunb.org\/fr\/event\/lassemblee-generale-annuelle-de-lunf-nb\/","og_locale":"fr_FR","og_type":"article","og_title":"l\u2019Assembl\u00e9e G\u00e9n\u00e9rale Annuelle de l\u2019UNF-NB - National Farmers Union in New Brunswick","og_description":"Nous vous invitons \u00e0 participer \u00e0 l&rsquo;Assembl\u00e9e g\u00e9n\u00e9rale annuelle hybride 2024 de l&rsquo;UNF-NB le Dimanche, 17 mars, \u00e0 la salle Bernard Leblanc, \u00e0 la Centre Culturel Aberdeen, au 140 Botsford [&hellip;]","og_url":"https:\/\/www.nfunb.org\/fr\/event\/lassemblee-generale-annuelle-de-lunf-nb\/","og_site_name":"National Farmers Union in New Brunswick","article_publisher":"https:\/\/www.facebook.com\/NFUinNB","og_image":[{"width":2560,"height":1707,"url":"https:\/\/www.nfunb.org\/wp-content\/uploads\/2022\/02\/2017-AGM-Gailen-Allan-and-Pierre-Olivier-Brassard-scaled.jpg","type":"image\/jpeg"}],"twitter_card":"summary_large_image","twitter_misc":{"Dur\u00e9e de lecture estim\u00e9e":"1 minute"},"schema":{"@context":"https:\/\/schema.org","@graph":[{"@type":"WebPage","@id":"https:\/\/www.nfunb.org\/fr\/event\/lassemblee-generale-annuelle-de-lunf-nb\/","url":"https:\/\/www.nfunb.org\/fr\/event\/lassemblee-generale-annuelle-de-lunf-nb\/","name":"l\u2019Assembl\u00e9e G\u00e9n\u00e9rale Annuelle de l\u2019UNF-NB - National Farmers Union in New Brunswick","isPartOf":{"@id":"https:\/\/www.nfunb.org\/fr\/#website"},"primaryImageOfPage":{"@id":"https:\/\/www.nfunb.org\/fr\/event\/lassemblee-generale-annuelle-de-lunf-nb\/#primaryimage"},"image":{"@id":"https:\/\/www.nfunb.org\/fr\/event\/lassemblee-generale-annuelle-de-lunf-nb\/#primaryimage"},"thumbnailUrl":"https:\/\/www.nfunb.org\/wp-content\/uploads\/2022\/02\/2017-AGM-Gailen-Allan-and-Pierre-Olivier-Brassard-scaled.jpg","datePublished":"2024-03-06T21:23:40+00:00","breadcrumb":{"@id":"https:\/\/www.nfunb.org\/fr\/event\/lassemblee-generale-annuelle-de-lunf-nb\/#breadcrumb"},"inLanguage":"fr-FR","potentialAction":[{"@type":"ReadAction","target":["https:\/\/www.nfunb.org\/fr\/event\/lassemblee-generale-annuelle-de-lunf-nb\/"]}]},{"@type":"ImageObject","inLanguage":"fr-FR","@id":"https:\/\/www.nfunb.org\/fr\/event\/lassemblee-generale-annuelle-de-lunf-nb\/#primaryimage","url":"https:\/\/www.nfunb.org\/wp-content\/uploads\/2022\/02\/2017-AGM-Gailen-Allan-and-Pierre-Olivier-Brassard-scaled.jpg","contentUrl":"https:\/\/www.nfunb.org\/wp-content\/uploads\/2022\/02\/2017-AGM-Gailen-Allan-and-Pierre-Olivier-Brassard-scaled.jpg","width":2560,"height":1707},{"@type":"BreadcrumbList","@id":"https:\/\/www.nfunb.org\/fr\/event\/lassemblee-generale-annuelle-de-lunf-nb\/#breadcrumb","itemListElement":[{"@type":"ListItem","position":1,"name":"Home","item":"https:\/\/www.nfunb.org\/fr\/home\/"},{"@type":"ListItem","position":2,"name":"\u00c9v\u00e8nements","item":"https:\/\/www.nfunb.org\/fr\/events\/"},{"@type":"ListItem","position":3,"name":"l\u2019Assembl\u00e9e G\u00e9n\u00e9rale Annuelle de l\u2019UNF-NB"}]},{"@type":"WebSite","@id":"https:\/\/www.nfunb.org\/fr\/#website","url":"https:\/\/www.nfunb.org\/fr\/","name":"National Farmers Union in New Brunswick","description":"Strong Communities. Sound Policies. Sustainable Farms","publisher":{"@id":"https:\/\/www.nfunb.org\/fr\/#organization"},"potentialAction":[{"@type":"SearchAction","target":{"@type":"EntryPoint","urlTemplate":"https:\/\/www.nfunb.org\/fr\/?s={search_term_string}"},"query-input":{"@type":"PropertyValueSpecification","valueRequired":true,"valueName":"search_term_string"}}],"inLanguage":"fr-FR"},{"@type":"Organization","@id":"https:\/\/www.nfunb.org\/fr\/#organization","name":"National Farmers Union in New Brunswick","url":"https:\/\/www.nfunb.org\/fr\/","logo":{"@type":"ImageObject","inLanguage":"fr-FR","@id":"https:\/\/www.nfunb.org\/fr\/#\/schema\/logo\/image\/","url":"https:\/\/www.nfunb.org\/wp-content\/uploads\/2022\/01\/NFU_logo_CircleNB.png","contentUrl":"https:\/\/www.nfunb.org\/wp-content\/uploads\/2022\/01\/NFU_logo_CircleNB.png","width":480,"height":480,"caption":"National Farmers Union in New Brunswick"},"image":{"@id":"https:\/\/www.nfunb.org\/fr\/#\/schema\/logo\/image\/"},"sameAs":["https:\/\/www.facebook.com\/NFUinNB","https:\/\/www.instagram.com\/nfu.unf.nb\/"]}]}},"_links":{"self":[{"href":"https:\/\/www.nfunb.org\/fr\/wp-json\/wp\/v2\/tribe_events\/13354","targetHints":{"allow":["GET"]}}],"collection":[{"href":"https:\/\/www.nfunb.org\/fr\/wp-json\/wp\/v2\/tribe_events"}],"about":[{"href":"https:\/\/www.nfunb.org\/fr\/wp-json\/wp\/v2\/types\/tribe_events"}],"author":[{"embeddable":true,"href":"https:\/\/www.nfunb.org\/fr\/wp-json\/wp\/v2\/users\/2"}],"version-history":[{"count":1,"href":"https:\/\/www.nfunb.org\/fr\/wp-json\/wp\/v2\/tribe_events\/13354\/revisions"}],"predecessor-version":[{"id":13356,"href":"https:\/\/www.nfunb.org\/fr\/wp-json\/wp\/v2\/tribe_events\/13354\/revisions\/13356"}],"wp:featuredmedia":[{"embeddable":true,"href":"https:\/\/www.nfunb.org\/fr\/wp-json\/wp\/v2\/media\/12848"}],"wp:attachment":[{"href":"https:\/\/www.nfunb.org\/fr\/wp-json\/wp\/v2\/media?parent=13354"}],"wp:term":[{"taxonomy":"post_tag","embeddable":true,"href":"https:\/\/www.nfunb.org\/fr\/wp-json\/wp\/v2\/tags?post=13354"},{"taxonomy":"tribe_events_cat","embeddable":true,"href":"https:\/\/www.nfunb.org\/fr\/wp-json\/wp\/v2\/tribe_events_cat?post=13354"}],"curies":[{"name":"wp","href":"https:\/\/api.w.org\/{rel}","templated":true}]}}

l’Assemblée Générale Annuelle de l’UNF-NB

<p>Nous vous invitons à participer à l&rsquo;Assemblée générale annuelle hybride 2024 de l&rsquo;UNF-NB le <strong><u>Dimanche, 17 mars</u>, </strong>à la salle Bernard Leblanc, à la Centre Culturel Aberdeen, au 140 Botsford St, Moncton, N.-B et en ligne sur Zoom. L&rsquo;inscription va commencer à 9h30, et la rencontre se terminera à 16h. <u>Il n&rsquo;y a pas de frais d&rsquo;inscription</u> et inclut le dîner composé d’aliments locaux ainsi que les pause-café/collations. La traduction simultanée sera disponible. Enregistrer maintenant !</p>

<p>Nous vous invitons à participer à l&rsquo;Assemblée générale annuelle hybride 2024 de l&rsquo;UNF-NB le Dimanche, 17 mars, à la salle Bernard Leblanc, à la Centre Culturel Aberdeen, au 140 Botsford [&hellip;]</p>

<!-- This site is optimized with the Yoast SEO plugin v26.7 - https://yoast.com/wordpress/plugins/seo/ -->
<title>l’Assemblée Générale Annuelle de l’UNF-NB - National Farmers Union in New Brunswick</title>
<meta name="robots" content="index, follow, max-snippet:-1, max-image-preview:large, max-video-preview:-1" />
<link rel="canonical" href="https://www.nfunb.org/fr/event/lassemblee-generale-annuelle-de-lunf-nb/" />
<meta property="og:locale" content="fr_FR" />
<meta property="og:type" content="article" />
<meta property="og:title" content="l’Assemblée Générale Annuelle de l’UNF-NB - National Farmers Union in New Brunswick" />
<meta property="og:description" content="Nous vous invitons à participer à l&rsquo;Assemblée générale annuelle hybride 2024 de l&rsquo;UNF-NB le Dimanche, 17 mars, à la salle Bernard Leblanc, à la Centre Culturel Aberdeen, au 140 Botsford [&hellip;]" />
<meta property="og:url" content="https://www.nfunb.org/fr/event/lassemblee-generale-annuelle-de-lunf-nb/" />
<meta property="og:site_name" content="National Farmers Union in New Brunswick" />
<meta property="article:publisher" content="https://www.facebook.com/NFUinNB" />
<meta property="og:image" content="https://www.nfunb.org/wp-content/uploads/2022/02/2017-AGM-Gailen-Allan-and-Pierre-Olivier-Brassard-scaled.jpg" />
	<meta property="og:image:width" content="2560" />
	<meta property="og:image:height" content="1707" />
	<meta property="og:image:type" content="image/jpeg" />
<meta name="twitter:card" content="summary_large_image" />
<meta name="twitter:label1" content="Durée de lecture estimée" />
	<meta name="twitter:data1" content="1 minute" />
<script type="application/ld+json" class="yoast-schema-graph">{"@context":"https://schema.org","@graph":[{"@type":"WebPage","@id":"https://www.nfunb.org/fr/event/lassemblee-generale-annuelle-de-lunf-nb/","url":"https://www.nfunb.org/fr/event/lassemblee-generale-annuelle-de-lunf-nb/","name":"l’Assemblée Générale Annuelle de l’UNF-NB - National Farmers Union in New Brunswick","isPartOf":{"@id":"https://www.nfunb.org/fr/#website"},"primaryImageOfPage":{"@id":"https://www.nfunb.org/fr/event/lassemblee-generale-annuelle-de-lunf-nb/#primaryimage"},"image":{"@id":"https://www.nfunb.org/fr/event/lassemblee-generale-annuelle-de-lunf-nb/#primaryimage"},"thumbnailUrl":"https://www.nfunb.org/wp-content/uploads/2022/02/2017-AGM-Gailen-Allan-and-Pierre-Olivier-Brassard-scaled.jpg","datePublished":"2024-03-06T21:23:40+00:00","breadcrumb":{"@id":"https://www.nfunb.org/fr/event/lassemblee-generale-annuelle-de-lunf-nb/#breadcrumb"},"inLanguage":"fr-FR","potentialAction":[{"@type":"ReadAction","target":["https://www.nfunb.org/fr/event/lassemblee-generale-annuelle-de-lunf-nb/"]}]},{"@type":"ImageObject","inLanguage":"fr-FR","@id":"https://www.nfunb.org/fr/event/lassemblee-generale-annuelle-de-lunf-nb/#primaryimage","url":"https://www.nfunb.org/wp-content/uploads/2022/02/2017-AGM-Gailen-Allan-and-Pierre-Olivier-Brassard-scaled.jpg","contentUrl":"https://www.nfunb.org/wp-content/uploads/2022/02/2017-AGM-Gailen-Allan-and-Pierre-Olivier-Brassard-scaled.jpg","width":2560,"height":1707},{"@type":"BreadcrumbList","@id":"https://www.nfunb.org/fr/event/lassemblee-generale-annuelle-de-lunf-nb/#breadcrumb","itemListElement":[{"@type":"ListItem","position":1,"name":"Home","item":"https://www.nfunb.org/fr/home/"},{"@type":"ListItem","position":2,"name":"Évènements","item":"https://www.nfunb.org/fr/events/"},{"@type":"ListItem","position":3,"name":"l’Assemblée Générale Annuelle de l’UNF-NB"}]},{"@type":"WebSite","@id":"https://www.nfunb.org/fr/#website","url":"https://www.nfunb.org/fr/","name":"National Farmers Union in New Brunswick","description":"Strong Communities. Sound Policies. Sustainable Farms","publisher":{"@id":"https://www.nfunb.org/fr/#organization"},"potentialAction":[{"@type":"SearchAction","target":{"@type":"EntryPoint","urlTemplate":"https://www.nfunb.org/fr/?s={search_term_string}"},"query-input":{"@type":"PropertyValueSpecification","valueRequired":true,"valueName":"search_term_string"}}],"inLanguage":"fr-FR"},{"@type":"Organization","@id":"https://www.nfunb.org/fr/#organization","name":"National Farmers Union in New Brunswick","url":"https://www.nfunb.org/fr/","logo":{"@type":"ImageObject","inLanguage":"fr-FR","@id":"https://www.nfunb.org/fr/#/schema/logo/image/","url":"https://www.nfunb.org/wp-content/uploads/2022/01/NFU_logo_CircleNB.png","contentUrl":"https://www.nfunb.org/wp-content/uploads/2022/01/NFU_logo_CircleNB.png","width":480,"height":480,"caption":"National Farmers Union in New Brunswick"},"image":{"@id":"https://www.nfunb.org/fr/#/schema/logo/image/"},"sameAs":["https://www.facebook.com/NFUinNB","https://www.instagram.com/nfu.unf.nb/"]}]}</script>
<!-- / Yoast SEO plugin. -->

l’Assemblée Générale Annuelle de l’UNF-NB - National Farmers Union in New Brunswick

Nous vous invitons à participer à l&rsquo;Assemblée générale annuelle hybride 2024 de l&rsquo;UNF-NB le Dimanche, 17 mars, à la salle Bernard Leblanc, à la Centre Culturel Aberdeen, au 140 Botsford [&hellip;]

Évènements
